{"id":766,"date":"2017-05-18T16:02:13","date_gmt":"2017-05-18T14:02:13","guid":{"rendered":"http:\/\/10.0.0.18\/go\/?page_id=766"},"modified":"2021-09-23T16:27:26","modified_gmt":"2021-09-23T14:27:26","slug":"event-messemanagement-2","status":"publish","type":"page","link":"https:\/\/www.go-uni.com\/fr\/dienstleistungen\/event-messemanagement-2\/","title":{"rendered":"Gestion des \u00e9v\u00e9nements et des expositions"},"content":{"rendered":"<p>[vc_section 0=&#8220;&#8220;][vc_row full_width=&#8220;stretch_row_content_no_spaces&#8220; parallax=&#8220;content-moving&#8220; parallax_image=&#8220;2406&#8243; css=&#8220;.vc_custom_1507281435148{padding-top: 10% !important;padding-right: 15% !important;padding-bottom: 10% !important;padding-left: 15% !important;background: #ffffff url(http:\/\/10.0.0.18\/go\/wp-content\/uploads\/2017\/08\/Event-Messemanagement.png?id=1856);background-position:center;background-repeat:-repeat;background-size: cover !important;}&#8220;][vc_column 0=&#8220;&#8220;][vc_column_text css_animation=&#8220;fadeInLeft&#8220; el_class=&#8220;bannertext&#8220;]<\/p>\n<p style=\"text-align: center;\"><span style=\"font-size: 20pt;\"><strong>Les jeunes talents sont importants pour l&#8217;avenir de votre organisation.<\/strong><\/span><\/p>\n<p>[\/vc_column_text][\/vc_column][\/vc_row][vc_row full_width=&#8220;stretch_row_content_no_spaces&#8220; css=&#8220;.vc_custom_1503578316059{padding-right: 50px !important;padding-left: 50px !important;background-color: #ffffff !important;}&#8220;][vc_column 0=&#8220;&#8220;][vc_column_text]<div class=\"eds-animate edsanimate-sis-hidden \" data-eds-entry-animation=\"lightSpeedIn\" data-eds-entry-delay=\"0\" data-eds-entry-duration=\"1.5\" data-eds-entry-timing=\"linear\" data-eds-exit-animation=\"\" data-eds-exit-delay=\"\" data-eds-exit-duration=\"\" data-eds-exit-timing=\"\" data-eds-repeat-count=\"1\" data-eds-keep=\"yes\" data-eds-animate-on=\"scroll\" data-eds-scroll-offset=\"75\"><\/p>\n<h1>Gestion d&#8217;\u00e9v\u00e9nements et de foires commerciales<\/h1>\n<hr \/>\n<p><\/div>[\/vc_column_text][\/vc_column][\/vc_row][vc_row full_width=&#8220;stretch_row_content_no_spaces&#8220; css=&#8220;.vc_custom_1503579179589{padding-right: 15% !important;padding-left: 15% !important;background-color: #ffffff !important;}&#8220;][vc_column 0=&#8220;&#8220;][vc_column_text 0=&#8220;&#8220;]<span style=\"font-size: 14pt;\"><div class=\"eds-animate edsanimate-sis-hidden \" data-eds-entry-animation=\"zoomIn\" data-eds-entry-delay=\"0\" data-eds-entry-duration=\"1\" data-eds-entry-timing=\"linear\" data-eds-exit-animation=\"\" data-eds-exit-delay=\"\" data-eds-exit-duration=\"\" data-eds-exit-timing=\"\" data-eds-repeat-count=\"1\" data-eds-keep=\"yes\" data-eds-animate-on=\"scroll\" data-eds-scroll-offset=\"75\"><\/span><\/p>\n<p><span style=\"font-size: 14pt;\">Les \u00e9v\u00e9nements et les foires sont des manifestations temporaires qui permettent une communication intime et personnelle avec le groupe cible. Cette mesure de marketing vous donne l&#8217;occasion de parler face \u00e0 face avec des jeunes. Profitez de cet \u00e9change intensif d&#8217;informations.<\/div><\/span><\/p>\n<p><span style=\"font-size: 14pt;\"><div class=\"eds-animate edsanimate-sis-hidden \" data-eds-entry-animation=\"zoomIn\" data-eds-entry-delay=\"0\" data-eds-entry-duration=\"1\" data-eds-entry-timing=\"linear\" data-eds-exit-animation=\"\" data-eds-exit-delay=\"\" data-eds-exit-duration=\"\" data-eds-exit-timing=\"\" data-eds-repeat-count=\"1\" data-eds-keep=\"yes\" data-eds-animate-on=\"scroll\" data-eds-scroll-offset=\"75\"><\/span><\/p>\n<p><span style=\"font-size: 14pt;\">Afin de pouvoir vous concentrer enti\u00e8rement sur votre manifestation, simplifiez la planification de votre \u00e9v\u00e9nement et de votre salon en confiant vos efforts d&#8217;organisation \u00e0 Go ! Uni-Publicit\u00e9. Votre temps est pr\u00e9cieux &#8211; laissez-nous vous soulager et concentrez-vous sur votre \u00e9v\u00e9nement ou votre journ\u00e9e de salon. Vous n&#8217;avez plus \u00e0 vous soucier des rendez-vous et b\u00e9n\u00e9ficiez d&#8217;un choix suppl\u00e9mentaire d&#8217;options de pr\u00e9sence et de communication.<\/div><\/span><\/p>\n<p><span style=\"font-size: 14pt;\"><div class=\"eds-animate edsanimate-sis-hidden \" data-eds-entry-animation=\"zoomIn\" data-eds-entry-delay=\"0\" data-eds-entry-duration=\"1\" data-eds-entry-timing=\"linear\" data-eds-exit-animation=\"\" data-eds-exit-delay=\"\" data-eds-exit-duration=\"\" data-eds-exit-timing=\"\" data-eds-repeat-count=\"1\" data-eds-keep=\"yes\" data-eds-animate-on=\"scroll\" data-eds-scroll-offset=\"75\"><\/span><\/p>\n<p><span style=\"font-size: 14pt;\">Il n&#8217;y a gu\u00e8re d&#8217;autre outil de marketing qui demande autant de temps et d&#8217;efforts d&#8217;organisation qu&#8217;un \u00e9v\u00e9nement ou un salon. Go ! Uni-Publicit\u00e9 SA prend en charge la gestion compl\u00e8te de votre \u00e9v\u00e9nement ou de votre participation \u00e0 un salon. S\u00e9lectionnez les zones dans lesquelles vous souhaitez vous soulager. Utilisez le temps suppl\u00e9mentaire que vous gagnez pour votre recrutement.<\/div><\/span>[\/vc_column_text][vc_empty_space height=&#8220;80px&#8220;][\/vc_column][\/vc_row][\/vc_section]<\/p>\n","protected":false},"excerpt":{"rendered":"<p>[vc_section 0=&#8220;&#8220;][vc_row full_width=&#8220;stretch_row_content_no_spaces&#8220; parallax=&#8220;content-moving&#8220; parallax_image=&#8220;2406&#8243; css=&#8220;.vc_custom_1507281435148{padding-top: 10% !important;padding-right: 15% !important;padding-bottom: 10% !important;padding-left: 15% !important;background: #ffffff url(http:\/\/10.0.0.18\/go\/wp-content\/uploads\/2017\/08\/Event-Messemanagement.png?id=1856);background-position:center;background-repeat:-repeat;background-size: cover !important;}&#8220;][vc_column 0=&#8220;&#8220;][vc_column_text css_animation=&#8220;fadeInLeft&#8220; el_class=&#8220;bannertext&#8220;] Les jeunes talents sont importants pour l&#8217;avenir de votre organisation. [\/vc_column_text][\/vc_column][\/vc_row][vc_row full_width=&#8220;stretch_row_content_no_spaces&#8220; css=&#8220;.vc_custom_1503578316059{padding-right: 50px !important;padding-left: 50px !important;background-color: #ffffff !important;}&#8220;][vc_column 0=&#8220;&#8220;][vc_column_text] Gestion d&#8217;\u00e9v\u00e9nements et de foires commerciales [\/vc_column_text][\/vc_column][\/vc_row][vc_row full_width=&#8220;stretch_row_content_no_spaces&#8220; css=&#8220;.vc_custom_1503579179589{padding-right: 15% !important;padding-left: 15% !important;background-color: #ffffff !important;}&#8220;][vc_column 0=&#8220;&#8220;][vc_column_text <a href=\"https:\/\/www.go-uni.com\/fr\/dienstleistungen\/event-messemanagement-2\/\"> Read more&#8230;<\/a><\/p>\n","protected":false},"author":1,"featured_media":0,"parent":1620,"menu_order":0,"comment_status":"closed","ping_status":"closed","template":"","meta":[],"_links":{"self":[{"href":"https:\/\/www.go-uni.com\/fr\/wp-json\/wp\/v2\/pages\/766"}],"collection":[{"href":"https:\/\/www.go-uni.com\/fr\/wp-json\/wp\/v2\/pages"}],"about":[{"href":"https:\/\/www.go-uni.com\/fr\/wp-json\/wp\/v2\/types\/page"}],"author":[{"embeddable":true,"href":"https:\/\/www.go-uni.com\/fr\/wp-json\/wp\/v2\/users\/1"}],"replies":[{"embeddable":true,"href":"https:\/\/www.go-uni.com\/fr\/wp-json\/wp\/v2\/comments?post=766"}],"version-history":[{"count":20,"href":"https:\/\/www.go-uni.com\/fr\/wp-json\/wp\/v2\/pages\/766\/revisions"}],"predecessor-version":[{"id":2614,"href":"https:\/\/www.go-uni.com\/fr\/wp-json\/wp\/v2\/pages\/766\/revisions\/2614"}],"up":[{"embeddable":true,"href":"https:\/\/www.go-uni.com\/fr\/wp-json\/wp\/v2\/pages\/1620"}],"wp:attachment":[{"href":"https:\/\/www.go-uni.com\/fr\/wp-json\/wp\/v2\/media?parent=766"}],"curies":[{"name":"wp","href":"https:\/\/api.w.org\/{rel}","templated":true}]}}

Gestion des événements et des expositions

<p>[vc_section 0=&#8220;&#8220;][vc_row full_width=&#8220;stretch_row_content_no_spaces&#8220; parallax=&#8220;content-moving&#8220; parallax_image=&#8220;2406&#8243; css=&#8220;.vc_custom_1507281435148{padding-top: 10% !important;padding-right: 15% !important;padding-bottom: 10% !important;padding-left: 15% !important;background: #ffffff url(http://10.0.0.18/go/wp-content/uploads/2017/08/Event-Messemanagement.png?id=1856);background-position:center;background-repeat:-repeat;background-size: cover !important;}&#8220;][vc_column 0=&#8220;&#8220;][vc_column_text css_animation=&#8220;fadeInLeft&#8220; el_class=&#8220;bannertext&#8220;]</p>
<p style="text-align: center;"><span style="font-size: 20pt;"><strong>Les jeunes talents sont importants pour l&#8217;avenir de votre organisation.</strong></span></p>
<p>[/vc_column_text][/vc_column][/vc_row][vc_row full_width=&#8220;stretch_row_content_no_spaces&#8220; css=&#8220;.vc_custom_1503578316059{padding-right: 50px !important;padding-left: 50px !important;background-color: #ffffff !important;}&#8220;][vc_column 0=&#8220;&#8220;][vc_column_text]<div class="eds-animate edsanimate-sis-hidden " data-eds-entry-animation="lightSpeedIn" data-eds-entry-delay="0" data-eds-entry-duration="1.5" data-eds-entry-timing="linear" data-eds-exit-animation="" data-eds-exit-delay="" data-eds-exit-duration="" data-eds-exit-timing="" data-eds-repeat-count="1" data-eds-keep="yes" data-eds-animate-on="scroll" data-eds-scroll-offset="75"></p>
<h1>Gestion d&#8217;événements et de foires commerciales</h1>
<hr />
<p></div>[/vc_column_text][/vc_column][/vc_row][vc_row full_width=&#8220;stretch_row_content_no_spaces&#8220; css=&#8220;.vc_custom_1503579179589{padding-right: 15% !important;padding-left: 15% !important;background-color: #ffffff !important;}&#8220;][vc_column 0=&#8220;&#8220;][vc_column_text 0=&#8220;&#8220;]<span style="font-size: 14pt;"><div class="eds-animate edsanimate-sis-hidden " data-eds-entry-animation="zoomIn" data-eds-entry-delay="0" data-eds-entry-duration="1" data-eds-entry-timing="linear" data-eds-exit-animation="" data-eds-exit-delay="" data-eds-exit-duration="" data-eds-exit-timing="" data-eds-repeat-count="1" data-eds-keep="yes" data-eds-animate-on="scroll" data-eds-scroll-offset="75"></span></p>
<p><span style="font-size: 14pt;">Les événements et les foires sont des manifestations temporaires qui permettent une communication intime et personnelle avec le groupe cible. Cette mesure de marketing vous donne l&#8217;occasion de parler face à face avec des jeunes. Profitez de cet échange intensif d&#8217;informations.</div></span></p>
<p><span style="font-size: 14pt;"><div class="eds-animate edsanimate-sis-hidden " data-eds-entry-animation="zoomIn" data-eds-entry-delay="0" data-eds-entry-duration="1" data-eds-entry-timing="linear" data-eds-exit-animation="" data-eds-exit-delay="" data-eds-exit-duration="" data-eds-exit-timing="" data-eds-repeat-count="1" data-eds-keep="yes" data-eds-animate-on="scroll" data-eds-scroll-offset="75"></span></p>
<p><span style="font-size: 14pt;">Afin de pouvoir vous concentrer entièrement sur votre manifestation, simplifiez la planification de votre événement et de votre salon en confiant vos efforts d&#8217;organisation à Go ! Uni-Publicité. Votre temps est précieux &#8211; laissez-nous vous soulager et concentrez-vous sur votre événement ou votre journée de salon. Vous n&#8217;avez plus à vous soucier des rendez-vous et bénéficiez d&#8217;un choix supplémentaire d&#8217;options de présence et de communication.</div></span></p>
<p><span style="font-size: 14pt;"><div class="eds-animate edsanimate-sis-hidden " data-eds-entry-animation="zoomIn" data-eds-entry-delay="0" data-eds-entry-duration="1" data-eds-entry-timing="linear" data-eds-exit-animation="" data-eds-exit-delay="" data-eds-exit-duration="" data-eds-exit-timing="" data-eds-repeat-count="1" data-eds-keep="yes" data-eds-animate-on="scroll" data-eds-scroll-offset="75"></span></p>
<p><span style="font-size: 14pt;">Il n&#8217;y a guère d&#8217;autre outil de marketing qui demande autant de temps et d&#8217;efforts d&#8217;organisation qu&#8217;un événement ou un salon. Go ! Uni-Publicité SA prend en charge la gestion complète de votre événement ou de votre participation à un salon. Sélectionnez les zones dans lesquelles vous souhaitez vous soulager. Utilisez le temps supplémentaire que vous gagnez pour votre recrutement.</div></span>[/vc_column_text][vc_empty_space height=&#8220;80px&#8220;][/vc_column][/vc_row][/vc_section]</p>

<p>[vc_section 0=&#8220;&#8220;][vc_row full_width=&#8220;stretch_row_content_no_spaces&#8220; parallax=&#8220;content-moving&#8220; parallax_image=&#8220;2406&#8243; css=&#8220;.vc_custom_1507281435148{padding-top: 10% !important;padding-right: 15% !important;padding-bottom: 10% !important;padding-left: 15% !important;background: #ffffff url(http://10.0.0.18/go/wp-content/uploads/2017/08/Event-Messemanagement.png?id=1856);background-position:center;background-repeat:-repeat;background-size: cover !important;}&#8220;][vc_column 0=&#8220;&#8220;][vc_column_text css_animation=&#8220;fadeInLeft&#8220; el_class=&#8220;bannertext&#8220;] Les jeunes talents sont importants pour l&#8217;avenir de votre organisation. [/vc_column_text][/vc_column][/vc_row][vc_row full_width=&#8220;stretch_row_content_no_spaces&#8220; css=&#8220;.vc_custom_1503578316059{padding-right: 50px !important;padding-left: 50px !important;background-color: #ffffff !important;}&#8220;][vc_column 0=&#8220;&#8220;][vc_column_text] Gestion d&#8217;événements et de foires commerciales [/vc_column_text][/vc_column][/vc_row][vc_row full_width=&#8220;stretch_row_content_no_spaces&#8220; css=&#8220;.vc_custom_1503579179589{padding-right: 15% !important;padding-left: 15% !important;background-color: #ffffff !important;}&#8220;][vc_column 0=&#8220;&#8220;][vc_column_text <a href="https://www.go-uni.com/fr/dienstleistungen/event-messemanagement-2/"> Read more&#8230;</a></p>
